{"id":8444,"date":"2024-05-29T10:47:53","date_gmt":"2024-05-29T08:47:53","guid":{"rendered":"https:\/\/sibi.cnr.it\/marconi\/?page_id=8444"},"modified":"2024-05-29T11:09:55","modified_gmt":"2024-05-29T09:09:55","slug":"come-trovarci","status":"publish","type":"page","link":"https:\/\/sibi.cnr.it\/marconi\/come-trovarci\/","title":{"rendered":"Come trovarci"},"content":{"rendered":"\n<p>La Biblioteca Centrale del CNR \u00e8 collocata all\u2019interno della sede nazionale del CNR di Roma, in Piazzale Aldo Moro, 7. <\/p>\n\n\n\n<p>La posizione della Biblioteca \u00e8 strategica, poich\u00e9 in prossimit\u00e0 di altri centri di cultura, scienza e ricerca: la Sapienza Universit\u00e0 di Roma e il suo campus, il Policlinico Umberto I, la Biblioteca Nazionale Centrale di Roma, la prima scuola Montessori battezzata con il nome \u201cCasa dei Bambini\u201d, la Biblioteca comunale di Villa Mercede, il Ministero dell\u2019Aeronautica, l\u2019Istituto Superiore di Sanit\u00e0<\/p>\n\n\n\n<p>Per raggiungerla si pu\u00f2 scendere alle  fermate della Metro B Castro Pretorio o Policlinico, oppure dalla Stazione Tiburtina (verso Piazza Risorgimento) o dalla Stazione Termini (verso Stazione Tiburtina) prendere la linea 492 dell&#8217;Autobus (fermata Ramni). Dal centro \u00e8 possibile prendere anche la linea 71 (fermata Marrucini). <\/p>\n\n\n\n<p>Per ulteriori informazioni si rinvia alla pagine<strong><a href=\"https:\/\/www.cnr.it\/it\/come-raggiungere-sede-centrale\"> Dove siamo<\/a> <\/strong>sul sito istituzionale del CNR. <\/p>\n","protected":false},"excerpt":{"rendered":"<p>La Biblioteca Centrale del CNR \u00e8 collocata all\u2019interno della sede nazionale del CNR di Roma, in Piazzale Aldo Moro, 7. La posizione della Biblioteca \u00e8 strategica, poich\u00e9 in prossimit\u00e0 di altri centri di cultura, scienza e ricerca: la Sapienza Universit\u00e0 di Roma e il suo campus, il Policlinico Umberto I, la Biblioteca Nazionale Centrale di&#8230;<\/p>\n<p class=\"more-link-wrap\"><a href=\"https:\/\/sibi.cnr.it\/marconi\/come-trovarci\/\" class=\"more-link\">Read More<span class=\"screen-reader-text\"> &ldquo;Come trovarci&rdquo;<\/span> &raquo;<\/a><\/p>\n","protected":false},"author":11,"featured_media":0,"parent":0,"menu_order":0,"comment_status":"closed","ping_status":"closed","template":"","meta":{"_uag_custom_page_level_css":"","_ti_tpc_template_sync":false,"_ti_tpc_template_id":""},"uagb_featured_image_src":{"full":false,"thumbnail":false,"medium":false,"medium_large":false,"large":false,"1536x1536":false,"2048x2048":false},"uagb_author_info":{"display_name":"sarasantorsa","author_link":"https:\/\/sibi.cnr.it\/marconi\/author\/sarasantorsa\/"},"uagb_comment_info":0,"uagb_excerpt":"La Biblioteca Centrale del CNR \u00e8 collocata all\u2019interno della sede nazionale del CNR di Roma, in Piazzale Aldo Moro, 7. La posizione della Biblioteca \u00e8 strategica, poich\u00e9 in prossimit\u00e0 di altri centri di cultura, scienza e ricerca: la Sapienza Universit\u00e0 di Roma e il suo campus, il Policlinico Umberto I, la Biblioteca Nazionale Centrale di...Read&hellip;","_links":{"self":[{"href":"https:\/\/sibi.cnr.it\/marconi\/wp-json\/wp\/v2\/pages\/8444"}],"collection":[{"href":"https:\/\/sibi.cnr.it\/marconi\/wp-json\/wp\/v2\/pages"}],"about":[{"href":"https:\/\/sibi.cnr.it\/marconi\/wp-json\/wp\/v2\/types\/page"}],"author":[{"embeddable":true,"href":"https:\/\/sibi.cnr.it\/marconi\/wp-json\/wp\/v2\/users\/11"}],"replies":[{"embeddable":true,"href":"https:\/\/sibi.cnr.it\/marconi\/wp-json\/wp\/v2\/comments?post=8444"}],"version-history":[{"count":6,"href":"https:\/\/sibi.cnr.it\/marconi\/wp-json\/wp\/v2\/pages\/8444\/revisions"}],"predecessor-version":[{"id":8455,"href":"https:\/\/sibi.cnr.it\/marconi\/wp-json\/wp\/v2\/pages\/8444\/revisions\/8455"}],"wp:attachment":[{"href":"https:\/\/sibi.cnr.it\/marconi\/wp-json\/wp\/v2\/media?parent=8444"}],"curies":[{"name":"wp","href":"https:\/\/api.w.org\/{rel}","templated":true}]}}